{"id":17,"date":"2025-08-09T18:20:39","date_gmt":"2025-08-09T18:20:39","guid":{"rendered":"https:\/\/naucatarineta.com.br\/nossosequipamentos\/?page_id=17"},"modified":"2025-08-12T21:53:30","modified_gmt":"2025-08-12T21:53:30","slug":"transparencia-nossos-equipamentos","status":"publish","type":"page","link":"https:\/\/naucatarineta.com.br\/foto-e-video\/transparencia-nossos-equipamentos\/","title":{"rendered":"Transpar\u00eancia"},"content":{"rendered":"\n<p>Prezamos pela transpar\u00eancia em todas as recomenda\u00e7\u00f5es que fazemos.<\/p>\n\n\n\n<ul class=\"wp-block-list\">\n<li><strong>Afiliados:<\/strong> Participamos de programas de afiliados e recebemos comiss\u00f5es por compras realizadas atrav\u00e9s de nossos links, sem custo adicional para voc\u00ea.<\/li>\n\n\n\n<li><strong>Crit\u00e9rios de Review:<\/strong> Testamos os equipamentos ou analisamos suas especifica\u00e7\u00f5es com base em informa\u00e7\u00f5es oficiais e na nossa experi\u00eancia pr\u00e1tica.<\/li>\n\n\n\n<li><strong>Integridade:<\/strong> Nenhuma avalia\u00e7\u00e3o \u00e9 influenciada por patroc\u00ednio ou pagamento para alterar nossa opini\u00e3o.<\/li>\n\n\n\n<li><strong>Atualiza\u00e7\u00e3o de Conte\u00fado:<\/strong> Revisamos nossos artigos periodicamente para manter as informa\u00e7\u00f5es corretas e atualizadas.<\/li>\n<\/ul>\n","protected":false},"excerpt":{"rendered":"<p>Prezamos pela transpar\u00eancia em todas as recomenda\u00e7\u00f5es que fazemos.<\/p>\n","protected":false},"author":1,"featured_media":0,"parent":0,"menu_order":0,"comment_status":"closed","ping_status":"closed","template":"","meta":{"footnotes":""},"class_list":["post-17","page","type-page","status-publish","hentry"],"_links":{"self":[{"href":"https:\/\/naucatarineta.com.br\/foto-e-video\/wp-json\/wp\/v2\/pages\/17","targetHints":{"allow":["GET"]}}],"collection":[{"href":"https:\/\/naucatarineta.com.br\/foto-e-video\/wp-json\/wp\/v2\/pages"}],"about":[{"href":"https:\/\/naucatarineta.com.br\/foto-e-video\/wp-json\/wp\/v2\/types\/page"}],"author":[{"embeddable":true,"href":"https:\/\/naucatarineta.com.br\/foto-e-video\/wp-json\/wp\/v2\/users\/1"}],"replies":[{"embeddable":true,"href":"https:\/\/naucatarineta.com.br\/foto-e-video\/wp-json\/wp\/v2\/comments?post=17"}],"version-history":[{"count":1,"href":"https:\/\/naucatarineta.com.br\/foto-e-video\/wp-json\/wp\/v2\/pages\/17\/revisions"}],"predecessor-version":[{"id":206,"href":"https:\/\/naucatarineta.com.br\/foto-e-video\/wp-json\/wp\/v2\/pages\/17\/revisions\/206"}],"wp:attachment":[{"href":"https:\/\/naucatarineta.com.br\/foto-e-video\/wp-json\/wp\/v2\/media?parent=17"}],"curies":[{"name":"wp","href":"https:\/\/api.w.org\/{rel}","templated":true}]}}