{"id":15,"date":"2025-08-09T18:20:18","date_gmt":"2025-08-09T18:20:18","guid":{"rendered":"https:\/\/naucatarineta.com.br\/nossosequipamentos\/?page_id=15"},"modified":"2025-10-06T04:04:02","modified_gmt":"2025-10-06T04:04:02","slug":"isencao-de-responsabilidade","status":"publish","type":"page","link":"https:\/\/naucatarineta.com.br\/foto-e-video\/isencao-de-responsabilidade\/","title":{"rendered":"Isen\u00e7\u00e3o de Responsabilidade (disclaimer)"},"content":{"rendered":"\n<p>Os conte\u00fados publicados no <strong><a href=\"https:\/\/naucatarineta.com.br\/foto-e-video\">Nau Catarineta | Foto &amp; V\u00eddeo<\/a><\/strong> t\u00eam car\u00e1ter exclusivamente informativo e representam nossa opini\u00e3o pessoal ap\u00f3s an\u00e1lise e testes.<\/p>\n\n\n\n<ul class=\"wp-block-list\">\n<li>N\u00e3o garantimos que os resultados obtidos por n\u00f3s ser\u00e3o iguais para todos os usu\u00e1rios.<\/li>\n\n\n\n<li>Os pre\u00e7os e condi\u00e7\u00f5es apresentados podem mudar a qualquer momento, sem aviso pr\u00e9vio.<\/li>\n\n\n\n<li>Ao clicar em links de afiliados, voc\u00ea ser\u00e1 direcionado para sites de terceiros. N\u00e3o controlamos o processo de compra, entrega ou atendimento desses sites.<\/li>\n<\/ul>\n\n\n\n<p>Se tiver d\u00favidas, entre em contato pelo e-mail <strong><a>naucatarineta1843@gmail.com<\/a><\/strong>.<\/p>\n\n\n<div class=\"wp-block-image\">\n<figure class=\"aligncenter size-full is-resized\"><a href=\"https:\/\/www.youtube.com\/@nau_catarinetahttps:\/\/www.youtube.com\/@nau_catarineta\" target=\"_blank\" rel=\" noreferrer noopener\"><img decoding=\"async\" width=\"512\" height=\"512\" src=\"https:\/\/naucatarineta.com.br\/foto-e-video\/wp-content\/uploads\/2025\/08\/cropped-cropped-logo-png-scaled-1.png\" alt=\"Logotipo do Nau Catarineta\" class=\"wp-image-348\" style=\"width:301px;height:auto\" srcset=\"https:\/\/naucatarineta.com.br\/foto-e-video\/wp-content\/uploads\/2025\/08\/cropped-cropped-logo-png-scaled-1.png 512w, https:\/\/naucatarineta.com.br\/foto-e-video\/wp-content\/uploads\/2025\/08\/cropped-cropped-logo-png-scaled-1-300x300.png 300w, https:\/\/naucatarineta.com.br\/foto-e-video\/wp-content\/uploads\/2025\/08\/cropped-cropped-logo-png-scaled-1-150x150.png 150w\" sizes=\"(max-width: 512px) 100vw, 512px\" \/><\/a><figcaption class=\"wp-element-caption\"><strong><mark style=\"background-color:rgba(0, 0, 0, 0)\" class=\"has-inline-color has-black-color\">Explore. Conecte. Compartilhe o Nordeste.<\/mark><\/strong><\/figcaption><\/figure><\/div>\n\n\n<p><\/p>\n","protected":false},"excerpt":{"rendered":"<p>Os conte\u00fados publicados no Nau Catarineta | Foto &amp; V\u00eddeo t\u00eam car\u00e1ter exclusivamente informativo e representam nossa opini\u00e3o pessoal ap\u00f3s<\/p>\n","protected":false},"author":1,"featured_media":0,"parent":0,"menu_order":0,"comment_status":"closed","ping_status":"closed","template":"","meta":{"footnotes":""},"class_list":["post-15","page","type-page","status-publish","hentry"],"_links":{"self":[{"href":"https:\/\/naucatarineta.com.br\/foto-e-video\/wp-json\/wp\/v2\/pages\/15","targetHints":{"allow":["GET"]}}],"collection":[{"href":"https:\/\/naucatarineta.com.br\/foto-e-video\/wp-json\/wp\/v2\/pages"}],"about":[{"href":"https:\/\/naucatarineta.com.br\/foto-e-video\/wp-json\/wp\/v2\/types\/page"}],"author":[{"embeddable":true,"href":"https:\/\/naucatarineta.com.br\/foto-e-video\/wp-json\/wp\/v2\/users\/1"}],"replies":[{"embeddable":true,"href":"https:\/\/naucatarineta.com.br\/foto-e-video\/wp-json\/wp\/v2\/comments?post=15"}],"version-history":[{"count":3,"href":"https:\/\/naucatarineta.com.br\/foto-e-video\/wp-json\/wp\/v2\/pages\/15\/revisions"}],"predecessor-version":[{"id":586,"href":"https:\/\/naucatarineta.com.br\/foto-e-video\/wp-json\/wp\/v2\/pages\/15\/revisions\/586"}],"wp:attachment":[{"href":"https:\/\/naucatarineta.com.br\/foto-e-video\/wp-json\/wp\/v2\/media?parent=15"}],"curies":[{"name":"wp","href":"https:\/\/api.w.org\/{rel}","templated":true}]}}